[INFO] cloning repository https://github.com/lostmsu/hashlife
[INFO] running `Command { std: "git" "-c" "credential.helper=" "-c" "credential.helper=/workspace/cargo-home/bin/git-credential-null" "clone" "--bare" "https://github.com/lostmsu/hashlife" "/workspace/cache/git-repos/https%3A%2F%2Fgithub.com%2Flostmsu%2Fhashlife", kill_on_drop: false }`
[INFO] [stderr] Cloning into bare repository '/workspace/cache/git-repos/https%3A%2F%2Fgithub.com%2Flostmsu%2Fhashlife'...
[INFO] running `Command { std: "git" "rev-parse" "HEAD", kill_on_drop: false }`
[INFO] [stdout] 9ac9652efd3a0984c6a893d4dfae67fa4259c8b7
[INFO] checking lostmsu/hashlife against master#af3c6e733a40e671550e0f0f5aeecaa13772ba56 for pr-74989
[INFO] running `Command { std: "git" "clone" "/workspace/cache/git-repos/https%3A%2F%2Fgithub.com%2Flostmsu%2Fhashlife" "/workspace/builds/worker-6/source", kill_on_drop: false }`
[INFO] [stderr] Cloning into '/workspace/builds/worker-6/source'...
[INFO] [stderr] done.
[INFO] validating manifest of git repo https://github.com/lostmsu/hashlife on toolchain af3c6e733a40e671550e0f0f5aeecaa13772ba56
[INFO] running `Command { std: "/workspace/cargo-home/bin/cargo" "+af3c6e733a40e671550e0f0f5aeecaa13772ba56" "read-manifest" "--manifest-path" "Cargo.toml", kill_on_drop: false }`
[INFO] started tweaking git repo https://github.com/lostmsu/hashlife
[INFO] finished tweaking git repo https://github.com/lostmsu/hashlife
[INFO] tweaked toml for git repo https://github.com/lostmsu/hashlife written to /workspace/builds/worker-6/source/Cargo.toml
[INFO] crate git repo https://github.com/lostmsu/hashlife already has a lockfile, it will not be regenerated
[INFO] running `Command { std: "/workspace/cargo-home/bin/cargo" "+af3c6e733a40e671550e0f0f5aeecaa13772ba56" "fetch" "--locked" "--manifest-path" "Cargo.toml", kill_on_drop: false }`
[INFO] running `Command { std: "docker" "create" "-v" "/var/lib/crater-agent-workspace/builds/worker-6/target:/opt/rustwide/target:rw,Z" "-v" "/var/lib/crater-agent-workspace/builds/worker-6/source:/opt/rustwide/workdir:ro,Z" "-v" "/var/lib/crater-agent-workspace/cargo-home:/opt/rustwide/cargo-home:ro,Z" "-v" "/var/lib/crater-agent-workspace/rustup-home:/opt/rustwide/rustup-home:ro,Z" "-e" "SOURCE_DIR=/opt/rustwide/workdir" "-e" "CARGO_TARGET_DIR=/opt/rustwide/target" "-e" "CARGO_HOME=/opt/rustwide/cargo-home" "-e" "RUSTUP_HOME=/opt/rustwide/rustup-home" "-w" "/opt/rustwide/workdir" "-m" "1610612736" "--user" "0:0" "--network" "none" "rustops/crates-build-env@sha256:d92eaeed33fa75130ca1ee6c8a01d1ffb62bac859dfdfb3450e3e5d1c0146529" "/opt/rustwide/cargo-home/bin/cargo" "+af3c6e733a40e671550e0f0f5aeecaa13772ba56" "metadata" "--no-deps" "--format-version=1", kill_on_drop: false }`
[INFO] [stdout] f540e2ac97bb4ccd35ff456c486e46db9204b69cee23b48004f3425d4a997736
[INFO] [stderr] WARNING: Your kernel does not support swap limit capabilities or the cgroup is not mounted. Memory limited without swap.
[INFO] running `Command { std: "docker" "start" "-a" "f540e2ac97bb4ccd35ff456c486e46db9204b69cee23b48004f3425d4a997736", kill_on_drop: false }`
[INFO] running `Command { std: "docker" "inspect" "f540e2ac97bb4ccd35ff456c486e46db9204b69cee23b48004f3425d4a997736", kill_on_drop: false }`
[INFO] running `Command { std: "docker" "rm" "-f" "f540e2ac97bb4ccd35ff456c486e46db9204b69cee23b48004f3425d4a997736", kill_on_drop: false }`
[INFO] [stdout] f540e2ac97bb4ccd35ff456c486e46db9204b69cee23b48004f3425d4a997736
[INFO] running `Command { std: "docker" "create" "-v" "/var/lib/crater-agent-workspace/builds/worker-6/target:/opt/rustwide/target:rw,Z" "-v" "/var/lib/crater-agent-workspace/builds/worker-6/source:/opt/rustwide/workdir:ro,Z" "-v" "/var/lib/crater-agent-workspace/cargo-home:/opt/rustwide/cargo-home:ro,Z" "-v" "/var/lib/crater-agent-workspace/rustup-home:/opt/rustwide/rustup-home:ro,Z" "-e" "SOURCE_DIR=/opt/rustwide/workdir" "-e" "CARGO_TARGET_DIR=/opt/rustwide/target" "-e" "CARGO_INCREMENTAL=0" "-e" "RUST_BACKTRACE=full" "-e" "RUSTFLAGS=--cap-lints=forbid" "-e" "CARGO_HOME=/opt/rustwide/cargo-home" "-e" "RUSTUP_HOME=/opt/rustwide/rustup-home" "-w" "/opt/rustwide/workdir" "-m" "1610612736" "--user" "0:0" "--network" "none" "rustops/crates-build-env@sha256:d92eaeed33fa75130ca1ee6c8a01d1ffb62bac859dfdfb3450e3e5d1c0146529" "/opt/rustwide/cargo-home/bin/cargo" "+af3c6e733a40e671550e0f0f5aeecaa13772ba56" "check" "--frozen" "--all" "--all-targets" "--message-format=json", kill_on_drop: false }`
[INFO] [stdout] 213552d9b524e8ee9f34931f01ba16441f4401752849736fee6b3d957e8b10a7
[INFO] [stderr] WARNING: Your kernel does not support swap limit capabilities or the cgroup is not mounted. Memory limited without swap.
[INFO] running `Command { std: "docker" "start" "-a" "213552d9b524e8ee9f34931f01ba16441f4401752849736fee6b3d957e8b10a7", kill_on_drop: false }`
[INFO] [stderr]     Checking hashlife v0.1.0 (/opt/rustwide/workdir)
[INFO] [stdout] error[E0308]: mismatched types
[INFO] [stdout]   --> src/main.rs:77:33
[INFO] [stdout]    |
[INFO] [stdout] 77 |           if self.getLevel() == 2 {
[INFO] [stdout]    |  _________________________________^
[INFO] [stdout] 78 | |             
[INFO] [stdout] 79 | |         } else {
[INFO] [stdout]    | |_________^ expected struct `Rc`, found `()`
[INFO] [stdout]    |
[INFO] [stdout]    = note: expected struct `Rc<QuadTreeNode<bool, LifeInnerData>>`
[INFO] [stdout]            found unit type `()`
[INFO] [stdout] 
[INFO] [stdout] 
[INFO] [stdout] error[E0308]: mismatched types
[INFO] [stdout]   --> src/main.rs:77:33
[INFO] [stdout]    |
[INFO] [stdout] 77 |           if self.getLevel() == 2 {
[INFO] [stdout]    |  _________________________________^
[INFO] [stdout] 78 | |             
[INFO] [stdout] 79 | |         } else {
[INFO] [stdout]    | |_________^ expected struct `Rc`, found `()`
[INFO] [stdout]    |
[INFO] [stdout]    = note: expected struct `Rc<QuadTreeNode<bool, LifeInnerData>>`
[INFO] [stdout]            found unit type `()`
[INFO] [stdout] 
[INFO] [stdout] 
[INFO] [stderr] error: could not compile `hashlife`.
[INFO] [stdout] error[E0308]: mismatched types
[INFO] [stdout]   --> src/main.rs:79:16
[INFO] [stdout]    |
[INFO] [stdout] 79 |           } else {
[INFO] [stdout]    |  ________________^
[INFO] [stdout] 80 | |
[INFO] [stdout] 81 | |         }
[INFO] [stdout]    | |_________^ expected struct `Rc`, found `()`
[INFO] [stdout]    |
[INFO] [stdout]    = note: expected struct `Rc<QuadTreeNode<bool, LifeInnerData>>`
[INFO] [stdout]            found unit type `()`
[INFO] [stdout] 
[INFO] [stdout] 
[INFO] [stderr] 
[INFO] [stdout] error[E0308]: mismatched types
[INFO] [stdout]   --> src/main.rs:79:16
[INFO] [stdout]    |
[INFO] [stdout] 79 |           } else {
[INFO] [stdout]    |  ________________^
[INFO] [stdout] 80 | |
[INFO] [stdout] 81 | |         }
[INFO] [stdout]    | |_________^ expected struct `Rc`, found `()`
[INFO] [stdout]    |
[INFO] [stdout]    = note: expected struct `Rc<QuadTreeNode<bool, LifeInnerData>>`
[INFO] [stdout]            found unit type `()`
[INFO] [stdout] 
[INFO] [stdout] 
[INFO] [stderr] To learn more, run the command again with --verbose.
[INFO] [stdout] error: aborting due to 2 previous errors
[INFO] [stdout] 
[INFO] [stdout] 
[INFO] [stderr] warning: build failed, waiting for other jobs to finish...
[INFO] [stdout] error: aborting due to 2 previous errors
[INFO] [stdout] 
[INFO] [stdout] 
[INFO] [stdout] For more information about this error, try `rustc --explain E0308`.
[INFO] [stdout] 
[INFO] [stdout] For more information about this error, try `rustc --explain E0308`.
[INFO] [stdout] 
[INFO] [stderr] error: build failed
[INFO] running `Command { std: "docker" "inspect" "213552d9b524e8ee9f34931f01ba16441f4401752849736fee6b3d957e8b10a7", kill_on_drop: false }`
[INFO] running `Command { std: "docker" "rm" "-f" "213552d9b524e8ee9f34931f01ba16441f4401752849736fee6b3d957e8b10a7", kill_on_drop: false }`
[INFO] [stdout] 213552d9b524e8ee9f34931f01ba16441f4401752849736fee6b3d957e8b10a7
